. What is the units digit of l?
9
Let a(t) = -14*t + 32 + 17*t - 21*t. What is the tens digit of a(-8)?
7
Let n = -142 - -615. What is the units digit of n?
3
What is the tens digit of ((-6)/8)/((-24)/19520)?
1
Let g(h) = h + 5*h + 2*h + 4 - 5*h. What is the units digit of g(15)?
9
Let t be 2/(-6) + (-484)/33. Let o(u) = -u**2 + 1. Let a(h) = h**2 - 13*h + 3. Let y(m) = -a(m) - 2*o(m). What is the units digit of y(t)?
5
Let k(v) = v - 9. Let z be k(18). Suppose 2*b = 171 + z. What is the tens digit of b?
9
Let z = -4 - 0. Let g be 4/8*z + 434. What is the units digit of ((-2)/(-6))/(18/g)?
8
Suppose 3*s + 2*h - 5 = 0, -s + 3*h = 6*h + 3. Suppose -6*a + 19 = -53. Suppose a = -s*w + 96. What is the units digit of w?
8
Let c(m) = -4*m**2 - m - 1. Let k be 2 - (-5)/((-20)/12). Let x be c(k). What is the tens digit of (2/5)/(x/(-240))?
2
Suppose -4*o - 114 - 54 = 0. Let s = o - -62. Suppose -3*r = -s - 1. What is the units digit of r?
7
Let b(k) = k - 8. Let x be b(6). What is the tens digit of 2*(-1)/x - -24?
2
Let d = -13 - -13. Let q(t) = t + 5. Let z be q(d). Suppose -4*b - 82 = -z*w, 3*w + 0*b = 3*b + 51. What is the units digit of w?
4
Let a = -11 - -14. Let u be 9 - (-3 - (-9)/a). Suppose -s + 5 = -u. What is the tens digit of s?
1
Let h(t) = -5*t - 2. Let o be h(-1). Suppose j - 97 = -5*i - 2*j, -3*i + 57 = o*j. Let s = 8 + i. What is the units digit of s?
8
Let z(q) be the third derivative of 0*q + 0 - 1/10*q**5 + 5/24*q**4 + 2/3*q**3 - 3*q**2 - 1/120*q**6. What is the units digit of z(-7)?
8
Let n(b) = 42*b**2 + 1. Let i(s) = -s**2 + 9*s + 11. Let w be i(10). Let q be n(w). Let h = -24 + q. What is the tens digit of h?
1
Suppose -8*d + f = -11*d + 4402, 2930 = 2*d - 4*f. What is the thousands digit of d?
1
Let m(n) = 5*n**2 - 7 + n - 4*n + 20*n**2 + n. What is the units digit of m(-2)?
7
Suppose 0 = g - 2*x - 10 - 4, 3*g + 13 = -5*x. What is the units digit of 340/12*(3/(-3) + g)?
5
Suppose -3*x = -32 + 5. Let z be (6/x)/(2/15). Suppose 51 = 2*c - 0*c - o, 0 = z*c - 2*o - 128. What is the units digit of c?
6
Let y be (1 - -1)*(-1 + 2). Suppose -c + 2*r + 2 = -7, -9 = -y*c + r. Suppose -5*s + 104 + 24 = c*a, 2*s - 116 = -3*a. What is the tens digit of a?
3
Suppose -303*n = -287*n - 43792. What is the tens digit of n?
3
Let v(j) = -4*j + 16. Let q be v(-8). Suppose -3*z = -q - 96. Suppose -z = -5*f + 202. What is the units digit of f?
0
Let t(q) = -q**2 - 5*q - 2. Suppose -3*k - 3*p + 4 = 1, 2*p = -3*k. Let a be t(k). What is the tens digit of (-50)/((-25)/5)*a?
4
Let w(t) be the second derivative of -2*t**3/3 - t. Let i be w(-2). Let j = 18 - i. What is the units digit of j?
0
Suppose 19830 = -6*n + 21*n. What is the thousands digit of n?
1
Let b be 6/9 - (-13)/3. Suppose 5*o + 3*j = 150, 95 = 5*o + b*j - 55. What is the tens digit of o?
3
Let f(p) be the first derivative of -2*p**3/3 - 5*p**2/2 + 3*p - 5. Let i(g) be the first derivative of f(g). What is the tens digit of i(-5)?
1
Suppose m = 2, 3*o - 5*m + 0*m = 512. Suppose 3*a + o = z, 0 = -11*a + 6*a - 25. What is the tens digit of z?
5
Suppose -2*f = 3*f + 5. Let m(x) be the third derivative of -x**4/8 + x**3/3 + 4*x**2. What is the units digit of m(f)?
5
Let y be (-666)/24*(-96)/9. Suppose -y = -2*l + 2*c, -3*c + 5*c + 440 = 3*l. What is the units digit of l?
4
Let j(x) = -x**3 + 10*x**2 + 27*x + 11. What is the hundreds digit of j(-7)?
6
Suppose -7*i - 145 = -2*i. Let s(u) = u**3 - 6*u**2 - 6*u - 11. Let g be s(7). Let j = g - i. What is the tens digit of j?
2
Let h(j) = 27*j**2 + 6*j + 4. Let k be 4 - -14*3/(-6). What is the tens digit of h(k)?
2
Let y be (-14)/(-56) + (-49)/4. Let x(b) = -3*b - 23. What is the units digit of x(y)?
3
Suppose -3*l - 462 = -10*l. What is the tens digit of l*((-16)/6 + 4 + -1)?
2
Suppose 0 = -5*u + 69 - 19. Suppose 4*o = u + 114. What is the units digit of o?
1
Let t(c) = 113*c**2 - 4*c - 4. Let m be t(-2). Let q = m - 188. What is the tens digit of q?
6
Let x(h) = -h + 5. Let d be x(7). What is the units digit of 1*((48/4 - 2) + d)?
8
Let y = -5 - -8. Let t(w) = 17*w**2 - 4*w**3 + 10 - 3*w**y + 13*w + 4*w**3 + 4*w**3. What is the tens digit of t(-16)?
5
Let k = 730 - -426. What is the units digit of k?
6
Suppose 5*u - 10 = 45. Suppose 0 = 3*x - u + 2. Suppose -s + 40 = x*o, o - 4*s + 25 = 4*o. What is the units digit of o?
5
Let j be (-4)/2 + (-16)/(-4). Suppose -2*p = p - 4*w - 208, 0 = -5*p + j*w + 328. What is the tens digit of p?
6
What is the units digit of 3*((-2480)/(-15) + -6)?
8
Suppose 4*i - 4*u - 20 = 0, 4*u - 1 = -3*i - 0*i. Let f be -3 + 61 + -1 + i. What is the units digit of 9 + f - (2 + -1)?
8
Suppose 3*c - 2*c + 2*q - 11 = 0, 9 = -c + 3*q. Let d(y) = c + 6*y - 2*y + 3*y**2 + 2*y - 2*y. What is the units digit of d(-4)?
5
Let t(f) = 8*f + 7. Let x be t(10). Suppose x = n + r, -3*n + 5*r - 346 = -7*n. What is the units digit of n?
9
Suppose 9727 = 4*a - 1937. What is the thousands digit of a?
2
What is the units digit of 30100/52 + 6/39?
9
Let u be 5/(-2)*(-612)/30 + -3. Suppose 0 = -3*g + 6 + u. What is the units digit of g?
8
Let d = 24 - -124. What is the hundreds digit of d?
1
Let r(n) = -n**3 + 30*n**2 + 27*n - 67. What is the units digit of r(30)?
3
Let y = -2 + 5. Suppose -3*n + 419 = 38. Suppose -2*o = -n - y. What is the tens digit of o?
6
What is the units digit of -4*((-4600)/16 + 3)?
8
Let a = -9 - -16. Suppose -8*f = -a*f - 124. What is the units digit of f?
4
Let w(c) = 143*c - 8. What is the tens digit of w(3)?
2
Suppose 5*l + 3 + 23 = a, -4*l = -a + 23. Let h(r) = 0 + 14 + 12 - 17 + 2*r. What is the units digit of h(a)?
1
Let b = 33 - 30. Suppose 0 = v - 4*o - 43 - 54, -b*o = 4*v - 350. What is the tens digit of v?
8
Let q(a) = -a**3 - 12*a**2 - 13*a - 15. Let u(v) = v + 20. Let i be u(-15). Suppose -x + 6*x = k - 4, -k - 26 = i*x. What is the units digit of q(k)?
7
What is the units digit of 2/(-11) + 55994/22?
5
Suppose c + 2*l = 3*c - 882, 2*l = -4*c + 1788. Let h = -257 + c. What is the units digit of h?
8
Let d(r) be the third derivative of r**6/120 + r**5/15 + r**4/24 + r**3/2 - 2*r**2. Let s be d(-5). What is the units digit of s*3*2/(-6)?
7
What is the units digit of 9/6*((-201)/(-9) - 3)?
9
Let f be 3/((-450)/(-276) - 9/6). Suppose -f = -c - 4. What is the units digit of c?
9
Suppose 6*u = -10*u + 27952. What is the tens digit of u?
4
Let r be (-1)/1 - -2 - -21. Suppose 0 = h + p + p + 2, 5*h = 2*p - r. What is the units digit of (-1)/2 + (-102)/h?
5
Suppose -280*j + 294*j - 238 = 0. Let a(k) be the first derivative of -k**3/3 + 21*k**2/2 - 19*k + 1. What is the tens digit of a(j)?
4
Let u be 4/5 + (6048/15 - 2). Suppose -u = 9*y - 1653. What is the hundreds digit of y?
1
Let z(o) = -2*o**3 - 5*o**2 - 4*o - 15. What is the hundreds digit of z(-6)?
2
Let s(v) = -3*v + 10. Let k be s(-5). Let w = k + -22. Suppose -w*q + 76 = -26. What is the tens digit of q?
3
Suppose 5*i + 3*u + 19 = 0, -2*i - 2*u + 0 - 6 = 0. What is the hundreds digit of (9/2)/(i/(-180))?
1
Let f(k) = -2*k**3 - 5*k**2 - 16*k - 11. Let j be f(-5). Let a = j - 86. What is the hundreds digit of a?
1
Suppose -y = 3*y - 28. Let g(k) = 10 + y*k - 5 + 4. What is the tens digit of g(4)?
3
Let y(l) = 11*l**2 + 20*l + 18. What is the hundreds digit of y(-12)?
3
Let r(z) = -2*z**3 - 5*z**2 + 12. Let v = 19 + -22. What is the units digit of r(v)?
1
Let r(u) = 48*u - 103. What is the hundreds digit of r(12)?
4
Suppose -3*i - 10 = -6*i - 2*d, 5*i - d - 21 = 0. Suppose 4*c = -i*c + 1256. What is the tens digit of c?
5
Let d(y) = 4*y - 21. Let g be d(6). Suppose -5*f - 4*m = -20, 3*f = 5*m + 36 + 13. Suppose -q + 4*k = -14, -4*q + g*k = -f*q + 37. What is the units digit of q?
0
Let r(h) = -h + 14. Let y be r(9). Let t be (-3)/y*(8 - 13). Suppose -t*f - 2*f + 205 = 0. What is the tens digit of f?
4
Let g be 6 + (2 - (7 - 4)). Suppose -4*k - 3*v = -209, g*v = 5*k + 4*v - 247. What is the units digit of k?
0
Let c be 8/3*9/(-6). Let x be ((-11)/3 - c)*0. Suppose 2*f - 18 - 8 = x. What is the units digit of f?
3
Let n = 1761 + -991. Suppose -n = -7*j + 476. What is the hundreds digit of j?
1
Suppose 5*g - 45 = -4*u, -4*g = -3*u - 6 + 1. Let i(t) = t**2 + 2*t - 4. Let x(p) = p**2 - 1. Let q(z) = u*x(z) - i(z). What is the units digit of q(3)?
9
Suppose 0 = 